n factor of 33 and g.
33
Suppose -2 = -2*w - 0, 3*w = 3*k - 3462. Suppose 3*m - k = -4*m. Calculate the highest common divisor of 66 and m.
33
Suppose 0*o - 4*o + l + 158 = 0, -4*l = 2*o - 70. Suppose 96 = 5*n - o. Calculate the highest common divisor of 18 and n.
9
Suppose -3*y + 9 = -0*y. Suppose 0 = 4*w, y*w = -3*d + d + 36. Let c be (-1 + -17)*(-20)/8. What is the highest common factor of d and c?
9
Suppose 34*y = 30*y + 156. Suppose -v = -5*v + 5*x + y, -3*v - x + 34 = 0. What is the highest common divisor of 143 and v?
11
Suppose 0 = 5*j + 10, -4*w + 10 = -8*j + 3*j. Suppose -2*m - 4 = -3*o, -2*o + 0*o - 5*m + 28 = w. What is the greatest common divisor of 32 and o?
4
Suppose 8 + 12 = 5*y. Suppose y = -2*w + 26. Let h = w - 9. What is the highest common factor of 2 and h?
2
Suppose -2*t + 6*t - 16 = 0. Suppose v + 74 = 3*v - 4*f, -3*f = t*v - 137. Calculate the highest common divisor of 385 and v.
35
Suppose 5*x - 10 = 0, x + 860 = 5*s + 152. Let k = s - 9. Suppose r + 2*h = 13, 0*h = -r + 4*h + 31. What is the greatest common factor of k and r?
19
Let t be 1 + (3/2 - 94/(-4)). Calculate the greatest common factor of 26 and t.
26
Suppose 54*s - 210 = 49*s. What is the highest common divisor of 462 and s?
42
Let x = -18 + 36. Suppose 10 + 17 = 3*z. What is the greatest common factor of x and z?
9
Let c(a) = -11*a - 399. Let y be c(-45). What is the highest common factor of 36 and y?
12
Let j = 107 + -51. Let v = -44 + j. What is the greatest common divisor of v and 30?
6
Suppose 7 = 4*j + 27. Let h be 2/j + 216/15. Let u be ((-1568)/(-21))/4*(-6)/(-4). What is the greatest common divisor of u and h?
14
Let b(a) = 4*a**2 - 77*a - 30. Let h be b(21). Let j = -22 + 31. What is the greatest common factor of j and h?
9
Let l = 5 + 27. Suppose -4*v = -4*p + l, -p + 0 = -5*v - 4. Suppose -3*f - 129 = -3*r, 3*f = -4*r + 170 + p. Calculate the highest common divisor of r and 4.
4
Suppose -11542 = -4*h - b, 0 = -4*h - 4*b - 967 + 12503. What is the greatest common factor of h and 78?
78
Let u(m) = m**3 - 4*m**2 - 2*m - 51. Let j be u(6). Let t = 43 - 29. Let v be 248/t - 6/(-21). What is the greatest common factor of j and v?
9
Suppose s = 5*o - 1174, -5*s = 4*o + 31 - 947. Calculate the greatest common factor of o and 198.
18
Let y = -2 + 19. Let a(v) = -3*v**3 + 33*v**2 + 3*v - 16. Let f be a(11). What is the greatest common divisor of y and f?
17
Let l(d) = 109*d**2 + 21*d - 86. Let f be l(4). Calculate the greatest common divisor of 268 and f.
134
Let k = 4 + 8. Let w be (-60)/(-9)*(0 + (-744)/(-20)). Suppose 5*c - w = -2*h, -c - h - 4*h = -68. Calculate the greatest common factor of k and c.
12
Let s(r) = r**3 - 6*r**2 + 4*r - 10. Let w be s(6). Suppose -7*t - 256 + 2020 = 0. Calculate the highest common divisor of w and t.
14
Suppose -35*v = -27*v - 432. Calculate the greatest common factor of 27 and v.
27
Suppose 4 = 3*x - 41. What is the greatest common factor of 65 and x?
5
Suppose 2*f - 8 = 5*f - 2*r, 2*r = -f + 8. Suppose -4*o + 3 + 61 = f. What is the highest common divisor of 144 and o?
16
Suppose -11*i + 10*i + 2 = 0. Suppose -5*m - 23 = i, 3*g = 2*m + 235. Let z be 29 + (4/(-2))/(-2). What is the greatest common factor of g and z?
15
Suppose -1744 = -k - 2*v, -3*k + 9*v = 5*v - 5202. Calculate the greatest common factor of k and 22.
22
Suppose 4*p + p = 0. Suppose p*c - 20 = -c. Suppose -o - c = -3*o. Calculate the highest common factor of o and 50.
10
Suppose -17*m + 15*m - 4 = 0. Let g(l) = -6*l**3 + l**2 + l - 2. Let y be g(m). Calculate the highest common divisor of 32 and y.
16
Let j = 5 + -1. Let a be (6/j)/((-6)/(-8)). Let v be 5/10*(10 + a). Calculate the greatest common factor of 6 and v.
6
Let d be 3/6*10*12/10. Suppose -m = -d*m + 380. Calculate the greatest common divisor of m and 19.
19
Let k = -12 + 26. Suppose c + 40 = 56. Suppose i + 5*j - c - 2 = 0, -4*j = 2*i - 48. What is the greatest common factor of i and k?
14
Let b = 34 - 44. Let a(c) = 15*c**3 - c**2 + 1. Let n be a(1). Let h = b + n. What is the highest common factor of 20 and h?
5
Suppose 5*h + 3*x - 23 = -24, -2*x - 7 = -3*h. Calculate the highest common divisor of h and 53.
1
Let b be (10/4 + -3)*0 - -275. Suppose 7*m - 770 = -0. What is the greatest common factor of b and m?
55
Let s be (-2)/16 - 4/((-192)/(-570)). Let t be (-8)/s*(-66)/(-4). Calculate the greatest common factor of t and 231.
11
Suppose 2*n = 4*t - 144, -t - 4*n + 58 - 22 = 0. Suppose 4*c + 69 = 5*f, 6*c - t = -3*f + 3*c. What is the highest common factor of f and 13?
13
Suppose 6650 + 13474 = 18*v. What is the greatest common divisor of v and 172?
86
Let p = 57 + -57. Let u = 40 - p. Calculate the greatest common divisor of u and 16.
8
Suppose m = 4*m - 576. Let c be (-10 + 10)/12 - -24. What is the greatest common divisor of m and c?
24
Suppose 2*g - 15 = 3*a, g + 6 = 2*g - a. Let j be (-2 + 1)*(-4 + -20). What is the highest common factor of j and g?
3
Let y be 171/95*20/6. Calculate the highest common divisor of y and 2.
2
Let l = -18 + 69. Suppose 0 = 2*r + 29 - l. Calculate the highest common divisor of 11 and r.
11
Let n be (13/(-4))/(3/(-36)). Suppose -3 = -2*j - v + 8, -5*j = 2*v - 25. Suppose j*g + 39 = 6*g. What is the greatest common factor of g and n?
13
Let b be 1 + 2 + 177 - 1. Suppose -69 = -2*w + b. Let j = -74 + w. What is the highest common divisor of j and 10?
10
Suppose -9*u + 1306 = -1151. Calculate the greatest common divisor of 42 and u.
21
Let n = -33 - -45. Let f = n + -6. What is the greatest common factor of f and 48?
6
Let j be -1*214*18/(-12). What is the greatest common divisor of 3 and j?
3
Let r = -55 + 57. Suppose -3*j + r*j + 12 = 0. What is the highest common factor of 12 and j?
12
Let g(v) = 7*v + 9. Let s be g(-3). Let z be (32/s)/(1/(-36)). What is the highest common factor of z and 12?
12
Let r = -1059 - -1301. What is the highest common divisor of 44 and r?
22
Let z = 23 - 15. Let l(b) = 6*b + 28. Let w be l(0). Suppose 30*c - 2 = w*c. Calculate the greatest common divisor of z and c.
1
Suppose 0 = 3*i - 12*i + 648. Suppose -3*n + 432 = -3*t, -801 + i = -5*n + 2*t. What is the highest common divisor of 21 and n?
21
Suppose 2*n - 4*n - b = -99, 3*n - 141 = b. Calculate the greatest common divisor of n and 312.
24
Suppose k + 3*g + 16 = 3*k, -4*k = -g - 32. Suppose 1 = -k*n + 9*n. Let o be 3 + (n - 8) - -16. What is the highest common divisor of o and 12?
12
Suppose 5*y - 1 = -16. Suppose 0 = j + 5*x - 8, -5*j + 2*x = -j - 32. Let p be y + (3 - 2)*j. What is the greatest common divisor of 40 and p?
5
Suppose 141*l - 144*l = -54. Calculate the greatest common factor of 558 and l.
18
Let v be -4 + 1 - (-1 - (-1 - -5)). Suppose 2*b - 28 = -4*k, v*b + 13 = 5*k - b. What is the greatest common factor of k and 55?
5
Let v(j) = -22*j**3 - j**2 + 5*j + 5. Let g be v(-2). Let b be 29/29 + g*1. What is the highest common divisor of 21 and b?
21
Suppose -h = 2*h - 5*t - 756, 3*h - 4*t - 753 = 0. What is the highest common factor of 26 and h?
13
Let n = 1458 - 1440. Let u be (1*57)/(-2 + 3). Suppose -3*f + 24 = -u. What is the highest common divisor of n and f?
9
Suppose 9 = 4*h - s - 56, 2*h = -5*s + 5. Let k = h - 12. Calculate the highest common divisor of k and 2.
1
Let x be ((-1)/(-2))/((-1)/(-2)). Let f = 3 - 0. Suppose -32 + 2 = -f*i. What is the greatest common factor of i and x?
1
Let z(c) = c**3 + 10*c**2 + 8*c - 3. Let g = 0 + -9. Let p be z(g). What is the highest common divisor of p and 6?
6
Let x be 1 + 0 + (-195)/(-3). Suppose -11 = -s - 5*g, s + 2*s + 2*g = 20. Suppose -5*v + s*v = 44. Calculate the greatest common divisor of x and v.
22
Let z(h) = -h + 4. Let x be z(-5). Suppose -2*k - 3*v - 64 = -279, v + 437 = 4*k. Suppose -19 = 5*q - k. What is the highest common divisor of q and x?
9
Suppose 0 = -b - 4*l + 688, -40*b + 4*l + 1376 = -38*b. What is the greatest common factor of b and 43?
43
Suppose 3*p = -2*j + 2*p + 130, 3*j - p = 195. What is the highest common factor of 650 and j?
65
Suppose -5*r + 24 = 2*n, 2*r + 0 = -5*n - 3. Let l be 4/(12/(-9)) - -6. What is the highest common divisor of l and r?
3
Let y(g) = g**2 - g + 4. Let x be y(0). Let l(s) = s**3 + 59*s**2 - 80*s - 1184. Let i be l(-60). What is the highest common divisor of